(8). Let f = y + 0. Calculate the remainder when 37 is divided by (2/f)/((-3)/(-117)).
11
Let m(q) = -q**3 - 13*q**2 - 14*q + 2. Let c be 6/(9/6 - 2). What is the remainder when m(c) is divided by 7?
5
Let m be 5/(-10) + (-9)/(-2). Suppose -m*j = 4, 2*j = 4*g - 0*j - 34. What is the remainder when 22 is divided by g?
6
Suppose 5*h = -34 + 134. What is the remainder when h is divided by 11?
9
Let g = -11 + 18. Suppose 2*w + 3 = g. What is the remainder when 2 is divided by w?
0
Let z(i) = i**2 - 4*i + 5. Calculate the remainder when 14 is divided by z(4).
4
Suppose j = -2*m + 23, 5*j + 23 = 4*m - 30. Suppose -x - 3*i = -11 - 16, -52 = -2*x - 5*i. Calculate the remainder when x is divided by m.
9
Let q = -107 + 173. What is the remainder when q is divided by 34?
32
Let l = 17 - 16. What is the remainder when 1 is divided by l?
0
Suppose 0*i - 19 = -5*r - i, -5*r = 3*i - 17. Suppose r*m = -3*u + 9 + 7, -u - 3*m + 2 = 0. Calculate the remainder when 13 is divided by u.
5
Calculate the remainder when 105 is divided by 2/(16/12)*6.
6
Suppose 104 = 4*m - 8. Calculate the remainder when m is divided by 10.
8
Let w be -1 + 8 + (-6)/2. Suppose 0 = w*k - 5*k + 3. Calculate the remainder when (0 + 1)*-1*-7 is divided by k.
1
Let x = -34 - -64. Let u = 56 - 40. Calculate the remainder when x is divided by u.
14
Let v = -9 - -4. Let a(y) = y**3 + 16*y**2 + 13*y - 9. Let f be a(-15). Let p = f + v. What is the remainder when 31 is divided by p?
15
Let c(y) = 12*y**2 + 3*y - 3. Calculate the remainder when c(2) is divided by 18.
15
Let k(t) = 7*t - 7. Calculate the remainder when k(5) is divided by 8.
4
Let k = 1 + -1. Suppose k = -y - 2*u + 17, 0 = -8*y + 3*y + 3*u + 111. Calculate the remainder when (-7 - -3)/(-2) - -59 is divided by y.
19
Let q = 30 + -18. Let a(u) = -u**2 - 14*u + 10. What is the remainder when a(-13) is divided by q?
11
Suppose x = -3, 7*x = v + 2*x - 22. Suppose 0 = -r + 4, 4*f + 2*r - 7 - 5 = 0. Calculate the remainder when (-1 - f) + (-2 - -23) is divided by v.
5
Let o be (-7 + 14)*12/(-14). Let p = o + 21. What is the remainder when 59 is divided by p?
14
Let u(t) be the second derivative of 0 - 1/3*t**3 + 19/2*t**2 - 3*t. Calculate the remainder when 56 is divided by u(0).
18
Let u = 104 - 37. Calculate the remainder when u is divided by 14.
11
Suppose b - 10 = 7. What is the remainder when b is divided by 6?
5
Let p(r) = r**3 - 9*r**2 + 14*r - 11. What is the remainder when p(8) is divided by 14?
9
Let n(m) = m**3 + 6*m**2 - 4*m - 5. What is the remainder when n(-6) is divided by ((-210)/56)/((-3)/8)?
9
Suppose 5*h = -1 + 211. What is the remainder when h is divided by 22?
20
Let h = 11 + -8. Suppose -l - 38 = -h*l. Calculate the remainder when l is divided by 5.
4
Let p = -92 + 107. What is the remainder when 35 is divided by p?
5
Suppose -3*w = -2*w - 10. Let h = 12 - w. Calculate the remainder when h is divided by 1.
0
Let x = 7 + 6. What is the remainder when x is divided by 8?
5
Let g = -50 + 36. What is the remainder when -15*(10/(-6) + -1) is divided by (-3)/(-1 + (-11)/g)?
12
Let c(r) = 6*r**2 - 6*r. Let b be c(-3). Let s(h) = h**3 - 4*h**2 + 3*h - 2. What is the remainder when (b/(-14))/(2/(-7)) is divided by s(4)?
8
Let f(r) = -r + 31. Suppose 8*g - 3*g - 155 = 0. What is the remainder when g is divided by f(15)?
15
Let l(t) = -t**3 - 13*t**2 + 14*t + 14. Suppose 4*q + 195 = 5*i + 3*q, -2*i - q = -78. Calculate the remainder when i is divided by l(-14).
11
Let j = -42 + 11. Let q = j - -44. Calculate the remainder when 16 is divided by -2 + -2*1 + q.
7
Suppose p = 6*p - b - 297, -b = -2*p + 120. What is the remainder when p is divided by 20?
19
Let g = -11 - -5. What is the remainder when 23 is divided by 3/1 - 18/g?
5
Let l = -5 - -7. Suppose 3*b = -l*b + 225. Let m = 21 - 9. What is the remainder when b is divided by m?
9
Suppose 57 = j + 4*q, 0 = 3*j - 3*q - 153 - 3. Calculate the remainder when j is divided by 14.
11
Let j = -124 - -217. Let p be j/(-5) - 6/15. Calculate the remainder when (0 - p)/((-1)/(-2)) is divided by 13.
12
Suppose -10 = -0*q - 2*q. Let z be q + (0 - -1)*1. What is the remainder when 3/(1/16*z) is divided by 3?
2
Let z = -9 + 19. Let p(m) = 6*m - 3. Let w be p(5). Let i = w - -2. Calculate the remainder when i is divided by z.
9
Let w be 1/(-1) - (-78 + -2). Let n = w + -39. Suppose -4*h + 42 = -2*h. What is the remainder when n is divided by h?
19
Let r(v) = 3*v**2 - 4*v + 4. Let x be r(-4). Suppose 0*s + x = 4*s. Calculate the remainder when 50 is divided by s.
16
Let p = -2 - -4. Let x(a) = 11*a - 3. Let n be x(p). Let u = n + -11. What is the remainder when 14 is divided by u?
6
Let a(q) = q**2 + 4*q - 34. Calculate the remainder when a(5) is divided by 6.
5
Let z = -9 - -31. Suppose -2*u - 192 = -5*u. Calculate the remainder when u is divided by z.
20
Suppose 0 = -2*p + 7*p - 320. Let n(h) = 8*h - 2. Calculate the remainder when p is divided by n(3).
20
Let a(p) = p + 13. What is the remainder when 23 is divided by a(-7)?
5
Let q = -110 + 191. What is the remainder when q is divided by 14?
11
Suppose -1 = -m + 11. Let h(i) = -i**2 - 13*i - 5. Let x = 9 - 17. Calculate the remainder when h(x) is divided by m.
11
Let h be -1 - -1 - 33 - 3. Let q = h - -79. Calculate the remainder when q is divided by 15.
13
Suppose 0 = 3*y - 4 - 26. Calculate the remainder when 18 is divided by y.
8
What is the remainder when 2*1*39 - (-25 + 22) is divided by 17?
13
Suppose 10 = x + 3*a, x + 3*a = -x + 29. What is the remainder when 74 is divided by x?
17
Suppose -2*t = -6*t + 72. What is the remainder when 53*(2 + -2 + 1) is divided by t?
17
Let s(a) = 0*a - 5*a + 4*a. What is the remainder when s(-2) is divided by 1?
0
Suppose -28 = -t + 3*k - 7*k, 3*t + 3*k = 57. Calculate the remainder when 11/((-33)/(-150)) - 3 is divided by t.
15
Suppose -2*r - 5 = -5*g + 75, -48 = -3*g - 2*r. Calculate the remainder when (-150)/(-5)*(0 - -1) is divided by g.
14
Calculate the remainder when 4 + -6 + 4 - (-204)/6 is divided by 19.
17
Let v(p) = -p**2 - 12*p + 9. Let z(c) = c**2 - c - 10. What is the remainder when z(7) is divided by v(-12)?
5
Suppose 0 = -s + 1, -1 = -5*k + 2*s + 67. Suppose 5*p - 263 = -4*i, -3*p + 163 = -0*i + 5*i. Calculate the remainder when p is divided by k.
9
Let c(r) = r**2 + 30*r + 10. Calculate the remainder when 69 is divided by c(-30).
9
Suppose -5*h = 5*i + 5, -2*h + 19 = 3*i - 8*i. Calculate the remainder when 1 + h*13/2 is divided by 8 + 2/(-4)*0.
6
Suppose 3*p - 101 = 2*v, -p + 3*p = 2*v + 66. Suppose 2*h - 13 = f + 7, f = 3*h - 32. What is the remainder when p is divided by h?
11
Suppose i - 53 = -6*a + 3*a, 87 = 5*a + 2*i. Calculate the remainder when a is divided by 5.
4
Let b(s) = -s + 7. Let z be b(4). Suppose -u = -z*u + 66. What is the remainder when 96 is divided by u?
30
Suppose 0 = -2*a - 20 + 8. What is the remainder when (7 - 10)*26/a is divided by 19/3 + (-4)/(-6)?
6
Let f = 106 - 68. Suppose 111*u = 109*u + 20. Calculate the remainder when f is divided by u.
8
Let k(b) = -24*b + 2. Let x be k(2). Let u = x + 69. Calculate the remainder when u is divided by 8.
7
Suppose -47 - 34 = -2*a - 3*v, 5*a + v = 170. Suppose -4*j - a = 27. What is the remainder when 10 is divided by -3*j/9 + 1?
4
Calculate the remainder when 1/3*(-234)/(-3) is divided by 9.
8
Let q(v) = v**3 - 5*v**2 + 1. Let k be q(4). What is the remainder when ((-12)/k)/(4/150) is divided by 8?
6
Let d(c) = 3 + 1 + c - 1. Let v = 81 - 56. What is the remainder when v is divided by d(10)?
12
Let i(w) = 1 + 5 + 1 + 0*w - w. Let z be i(4). Suppose -f + 139 = 4*f + z*q, 0 = -3*f - 5*q + 93. What is the remainder when f is divided by 14?
12
Suppose -2*f + 0*h + h = -9, 2*h + 14 = 2*f. Suppose -f*z + 6 = -10. Suppose -6*l + 25 = -l. Calculate the remainder when z is divided by l.
3
Suppose 5*n = 13*n - 528. What is the remainder when n is divided by 27?
12
Suppose -16*y + 160 = -11*y. Let s(z) = -z**3 - 6*z**2 - 7*z - 1. Calculate the remainder when y is divided by s(-5).
5
Let r(q) = -q**3 - 9*q**2 - 11*q - 8. Calculate the remainder when 16 is divided by r(-8).
0
Suppose 14 = 3*f - 2*f. Suppose z = -2 + 7. Suppose -5*g - 4*i = -155, 2*g + 66 = z*g - 3*i. What is the remainder when g is divided by f?
13
Let t(q) = 6